nder when 5881 is divided by 660.
601
What is the remainder when 79934 is divided by 2497?
30
What is the remainder when 2436197 is divided by 25?
22
What is the remainder when 14349 is divided by 1788?
45
What is the remainder when 129745 is divided by 32436?
1
Calculate the remainder when 15352 is divided by 2190.
22
Calculate the remainder when 1558981 is divided by 98.
95
What is the remainder when 55175 is divided by 1082?
1075
Calculate the remainder when 6411 is divided by 230.
201
Calculate the remainder when 19648 is divided by 73.
11
What is the remainder when 6858 is divided by 562?
114
Calculate the remainder when 988 is divided by 444.
100
Calculate the remainder when 586875 is divided by 8.
3
What is the remainder when 141745 is divided by 34?
33
What is the remainder when 4717294 is divided by 408?
406
What is the remainder when 2084 is divided by 361?
279
Calculate the remainder when 24930 is divided by 3521.
283
What is the remainder when 325588 is divided by 81394?
12
Calculate the remainder when 25185 is divided by 646.
637
Calculate the remainder when 20153 is divided by 36.
29
Calculate the remainder when 20646 is divided by 232.
230
Calculate the remainder when 2728 is divided by 240.
88
Calculate the remainder when 19267 is divided by 9597.
73
What is the remainder when 373676 is divided by 7?
2
Calculate the remainder when 64305 is divided by 14.
3
What is the remainder when 17085 is divided by 178?
175
Calculate the remainder when 92771 is divided by 36.
35
Calculate the remainder when 872981 is divided by 8.
5
Calculate the remainder when 4608 is divided by 471.
369
What is the remainder when 45521 is divided by 11366?
57
What is the remainder when 9230109 is divided by 18?
15
What is the remainder when 89780 is divided by 29918?
26
What is the remainder when 151 is divided by 64?
23
Calculate the remainder when 3114 is divided by 807.
693
What is the remainder when 1313 is divided by 82?
1
What is the remainder when 209472 is divided by 175?
172
Calculate the remainder when 80702 is divided by 1794.
1766
What is the remainder when 179865 is divided by 1394?
39
Calculate the remainder when 191126 is divided by 2055.
11
What is the remainder when 1775392 is divided by 132?
124
Calculate the remainder when 1967 is divided by 34.
29
Calculate the remainder when 138656 is divided by 46213.
17
Calculate the remainder when 184812 is divided by 602.
600
Calculate the remainder when 11195 is divided by 269.
166
Calculate the remainder when 11473 is divided by 244.
5
What is the remainder when 138835 is divided by 13?
8
Calculate the remainder when 15914 is divided by 84.
38
What is the remainder when 16799 is divided by 23?
9
What is the remainder when 34324 is divided by 819?
745
What is the remainder when 6120 is divided by 4937?
1183
What is the remainder when 2532 is divided by 616?
68
What is the remainder when 54092 is divided by 49?
45
What is the remainder when 395155 is divided by 356?
351
What is the remainder when 60475 is divided by 340?
295
Calculate the remainder when 64047 is divided by 50.
47
Calculate the remainder when 672 is divided by 244.
184
What is the remainder when 145729 is divided by 11?
1
What is the remainder when 742365 is divided by 22?
19
Calculate the remainder when 3850 is divided by 3466.
384
Calculate the remainder when 153128 is divided by 34.
26
What is the remainder when 41291 is divided by 41236?
55
Calculate the remainder when 19093 is divided by 30.
13
Calculate the remainder when 4711 is divided by 786.
781
What is the remainder when 875645 is divided by 77?
1
What is the remainder when 43698 is divided by 491?
490
What is the remainder when 67038 is divided by 22339?
21
Calculate the remainder when 298215 is divided by 481.
476
Calculate the remainder when 2284673 is divided by 82.
71
What is the remainder when 1000 is divided by 200?
0
Calculate the remainder when 1268 is divided by 107.
91
Calculate the remainder when 301384 is divided by 156.
148
Calculate the remainder when 12347 is divided by 121.
5
What is the remainder when 73450 is divided by 180?
10
Calculate the remainder when 17097 is divided by 449.
35
What is the remainder when 1441 is divided by 558?
325
Calculate the remainder when 5557 is divided by 74.
7
What is the remainder when 48510 is divided by 48503?
7
What is the remainder when 13750 is divided by 1735?
1605
What is the remainder when 1302 is divided by 851?
451
Calculate the remainder when 3311 is divided by 472.
7
Calculate the remainder when 33930 is divided by 667.
580
Calculate the remainder when 1156271 is divided by 436.
435
Calculate the remainder when 1706 is divided by 378.
194
What is the remainder when 13725 is divided by 4499?
228
What is the remainder when 3948 is divided by 454?
316
What is the remainder when 72520 is divided by 590?
540
Calculate the remainder when 70144 is divided by 50.
44
Calculate the remainder when 3601 is divided by 15.
1
What is the remainder when 3627 is divided by 227?
222
What is the remainder when 7074 is divided by 1156?
138
What is the remainder when 148923 is divided by 2291?
8
Calculate the remainder when 1016 is divided by 260.
236
What is the remainder when 401866 is divided by 1098?
1096
What is the remainder when 11376 is divided by 73?
61
What is the remainder when 1450 is divided by 467?
49
What is the remainder when 10187 is divided by 74?
49
What is the remainder when 888283 is divided by 206?
11
What is the remainder when 732460 is divided by 91555?
20
Calculate the remainder when 138834 is divided by 67.
10
Calculate the remainder when 6379 is divided by 5.
4
What is the remainder when 8053 is divided by 60?
13
Calculate the remainder when 43519 is divided by 34.
33
Calculate the remainder when 1026596 is divided by 24.
20
What is the remainder when 275 is divided by 65?
15
What is the remainder when 149323 is divided by 27?
13
What is the remainder when 16399 is divided by 278?
275
What is the remainder when 5744 is divided by 485?
409
What is the remainder when 1508743 is divided by 7?
5
What is the remainder when 9734 is divided by 83?
23
Calculate the remainder when 124399 is divided by 484.
11
What is the remainder when 1048 is divided by 208?
8
What is the remainder when 3780 is divided by 31?
29
Calculate the remainder when 188804 is divided by 68.
36
Calculate the remainder when 533321 is divided by 253.
250
What is the remainder when 2158 is divided by 9?
7
What is the remainder when 8982 is divided by 8580?
402
Calculate the remainder when 3118 is divided by 26.
24
What is the remainder when 76256 is divided by 795?
731
What is the remainder when 1046 is divided by 445?
156
What is the remainder when 2355 is divided by 613?
516
What is the remainder when 46054 is divided by 202?
200
Calculate the remainder when 26698 is divided by 26644.
54
Calculate the remainder when 10038 is divided by 1672.
6
What is the remainder when 146467 is divided by 73220?
27
Calculate the remainder when 12151 is divided by 1734.
13
Calculate the remainder when 52528 is divided by 27.
13
What is the remainder when 98654 is divided by 32789?
287
Calculate the remainder when 4340 is divided by 996.
356
Calculate the remainder when 34432 is divided by 782.
24
Calculate the remainder when 158046 is divided by 107.
7
What is the remainder when 76326 is divided by 140?
26
What is the remainder when 306110 is divided by 159?
35
Calculate the remainder when 58727 is divided by 377.
292
Calculate the remainder when 268 is divided by 133.
2
Calculate the remainder when 28505 is divided by 15.
5
What is the remainder when 2506 is divided by 156?
10
Calculate the remainder when 48025 is divided by 500.
25
What is the remainder when 14095 is divided by 306?
19
Calculate the remainder when 3915 is divided by 783.
0
What is the remainder when 10087 is divided by 2506?
63
What is the remainder when 1155145 is divided by 317?
314
Calculate the remainder when 4672 is divided by 489.
271
Calculate the remainder when 67521 is divided by 25.
21
What is the remainder when 17895 is divided by 28?
3
What is the remainder when 11786 is divided by 2?
0
What is the remainder when 54432 is divided by 4?
0
Calculate the remainder when 40